+ 19. Let d(k) = r*o(k) + 6*b(k). Determine d(-7).
-4
Let s(c) be the third derivative of 5*c**4/12 - 109*c**3/3 + 21*c**2 - c. Determine s(23).
12
Let v(k) be the third derivative of -k**6/120 + k**5/12 + k**2 + 5235. What is v(4)?
16
Let j(n) = -4*n - 4. Let z = 178 - 175. Suppose -z*c = 4*k - 3 + 5, k = -c. Calculate j(k).
4
Let g(c) = 23 + 3*c**3 + 2*c**2 - 3*c**2 + 2*c - 24 - 2*c**3. Suppose 4*j - 4 = 3*f, -5*f = j - 2 + 1. Suppose -h = -3*x + 7, -h = 2*x - x - j. Give g(x).
7
Let n(m) be the third derivative of -m**6/120 + 7*m**5/30 + 11*m**3/6 + 12*m**2. Let a be n(14). Let v(i) = -i**2 + 7*i - 4*i + i - a + 2*i. Give v(8).
-27
Let r(c) be the third derivative of -c**4/24 - 7*c**3/6 - 1261*c**2. Let s(h) = 3*h - 1. Let w = 7 + -5. Let u be s(w). Give r(u).
-12
Let p(m) = -392*m - 6. Let l be p(-3). Let u(y) = 595 - 5*y + 596 - l. Determine u(5).
-4
Suppose 10*d = 15*d - 275. Let v(l) = -d*l**2 + 23*l**2 + 2*l + 28*l**2 - 1. Determine v(1).
-3
Let b be ((-2)/(-88)*-11)/((-2)/16). Suppose 2*t + 3*h - 4 = 7*h, -5*t = -3*h - 10. Let i(s) = 0 + 33*s**t - 2 - 32*s**2 + 2*s. Give i(b).
6
Suppose -z - 2*c = -11, 3*z - 8*z + 66 = -c. Let w(n) = 2*n**2 + 17*n**2 + 2705 - 2693 - n**3 - 8*n**2 + 25*n. Calculate w(z).
-1
Let b(t) = -9 + t**3 + 11 + 2 - 4*t**2 - 3*t. Let g = -905 + 910. What is b(g)?
14
Let w(q) = 20*q**3 + 17*q**2 + 4*q + 8. Let i = -10 - -6. Let x(c) = 9*c**3 + 8*c**2 + 2*c + 4. Let g(z) = i*w(z) + 9*x(z). Calculate g(-3).
7
Let b(i) = -2 - 192*i + 1064*i - 289*i - 292*i - 292*i. Let l(k) be the second derivative of k**3/6 + k. Let p be l(-3). Give b(p).
1
Let g(u) be the first derivative of -u**3/3 - 2*u**2 - 3*u - 24. Suppose a - 2*a = -4. Suppose 5*p = -2*b + p + a, -5*b + 5*p = 20. What is g(b)?
1
Suppose -1 - 1 = 139*s - 2. Suppose -3*q = -2*j - 13, -j - 12 = -4*q + 3*j. Let c(y) = -5 + q + s*y + y. Calculate c(-5).
-3
Suppose 17240*j - 423 = 17287*j. Let b(u) = u**2 + 16*u + 13. Let p(w) = w. Let k(l) = b(l) - 5*p(l). Determine k(j).
-5
Let t(w) = -262*w - 1328. Let j be t(-5). Let n(y) = y**2 + 19*y + 41. Give n(j).
23
Let s(o) = -o**3 - 2*o**2 - o - 4. Let r be 104/(-5) - 12/(-15). Let h = r + 23. Suppose -6 + h = j. Calculate s(j).
8
Let w be (-6 - -2)/((-2)/3). Let u(n) = n**2 - 3*n - 16. Let t be u(w). Let m(g) = 21 + 21 + g**t - 2*g**2 + 8*g - 36. What is m(9)?
-3
Let q be 6/3 + -4 - 12. Let l = q - -16. Let s(a) = -29*a + 4 + 2*a**2 + 25*a + a**3 + 2*a**l. Calculate s(-5).
-1
Let o = 12381 + -12360. Let r(u) = -u**2 + 15*u + 44. What is r(o)?
-82
Suppose -5*o = -34 - 16. Let r be (-14)/35 + (-26)/o. Let d(w) = -45 - 39 + 158 - 36 + w - 36. Determine d(r).
-1
Let j be -1 - (-8 - (0 + (1 - 1))). Let b(i) = 11*i - j + 12*i + 8*i - 26*i. Determine b(6).
23
Let a(t) = -t**3 - 42*t**2 - 83*t - 125. Let h be a(-40). Suppose -7*n = -2*n - 20. Let f(z) = -5*z**2 - 3 + n*z**2 + 3*z - 6*z. What is f(h)?
-13
Let n(d) = -17*d**2 + 50*d + 275. Let v(o) = -2*o**2 + 6*o + 33. Let j(c) = -3*n(c) + 25*v(c). Suppose 3*y = y - 2. What is j(y)?
1
Let t(o) be the first derivative of 7 + 18 + 5*o - 2*o**2 + 28. What is t(6)?
-19
Let q(j) = j + 12. Let u(z) = -2*z - 12. Let p(x) = -4*q(x) - 3*u(x). Suppose -27*d = 9*d - 42 - 246. Give p(d).
4
Let r(c) = -c**2 - 22*c - 7. Suppose -6168*d + 6176*d + 176 = 0. What is r(d)?
-7
Let m(n) = 7 + 1 + 7 - 16. Let j(p) = -2*p - p**2 + 8 - 4 + 0. Let c(r) = j(r) + 4*m(r). Calculate c(-3).
-3
Let c(a) = -a + 1. Suppose -b = -5*b, 0 = -i - 3*b + 23. Suppose i*k - 202 = -64. Calculate c(k).
-5
Let s(o) = -135*o**2 + 0*o + 7 - 5*o + o**2 + 141*o**2. Calculate s(2).
25
Let k(m) = m**2 + 18*m + 3. Let b = -655 - -649. Let s(h) = h**2 + 16*h + 3. Let f(y) = b*k(y) + 7*s(y). Give f(-7).
24
Let l(v) = -6*v**2 - v - 2. Let c be 14*((-4)/(-10))/((-2)/5). Let h(x) = -2*x**2 - 34*x - 85. Let s be h(c). What is l(s)?
-7
Let h(n) = -6*n**3 - n**2 + 1. Let i(w) = 100*w**2 - 101*w**2 + 30*w**3 - 2*w - 10*w**3. Let k be i(-1). Let d = 18 + k. What is h(d)?
6
Suppose 7029*h - 7024*h = -25. Let f(w) = w**3 + 6*w**2 - 8*w - 7. Calculate f(h).
58
Suppose 13*i - 2*r = 8*i + 64, i + 4*r = 26. Suppose -4*o - 2*l + 12 = -8, 0 = 2*o - l - i. Let w(n) = -n**3 + 5*n**2 - 3*n + 5. Give w(o).
-49
Let r be (-1 - 3/(-9))*-12. Suppose m - 9 = -t + 3, -2*m + r = 0. Let l(z) = -3*z**2 + 3*z - 12*z + 4*z**2. Give l(t).
-8
Let d be (-1)/(56/(-12) - -5). Let k be (-1 + 4)/((-12)/(-8)). Let t(p) = p - p**3 + 97*p**2 - 99*p**k + 4*p + 2. Determine t(d).
-4
Let x(m) = -46*m + 26*m - 69 + 42*m**2 - 41*m**2. Give x(23).
0
Let c(m) be the second derivative of -m**4/12 + m**3/6 - 2*m**2 + 49*m. Suppose 8*l - 35*l + 108 = 0. Determine c(l).
-16
Let c = 2502 - 2493. Let p(o) = -o**2 + 7*o + 26. Determine p(c).
8
Let n(k) be the second derivative of -55*k**3/6 + 435*k**2 - 113*k + 23. Determine n(16).
-10
Suppose 310 = 5*d + 3*a, -3*d + 248 = d + a. Suppose -3*y = -2*k + d, 0*y - k + 22 = -y. Let v(o) = o**2 + 18*o + 4. What is v(y)?
4
Suppose 57*z - 210 = 18. Let l(s) = s + 11. Let q(c) = c + 4. Let r(m) = z*q(m) - l(m). Calculate r(-7).
-16
Let g(y) = -y**2 - 11*y + 11. Suppose -f - 653 = 3*p, -1150 = 4*f + 4*p + 1422. Let k = -649 - f. Give g(k).
11
Let p(b) = 7*b - 1. Let n(c) = c - 3. Let g(i) = i - 2. Let y(w) = -3*g(w) + 2*n(w). Let v(h) = p(h) + 6*y(h). Calculate v(-3).
-4
Let w(h) = -h**2 + 5*h + 4. Suppose 5*l = 4*k + 37, -l = 4*l - 2*k - 31. Suppose 3*o + l - 15 = -4*x, -28 = -5*o - x. Calculate w(o).
-2
Let p(a) = -14*a**2 + 3. Let y(c) = -69*c**2 + 11*c + 52. Let h(d) = 5*p(d) - y(d). Calculate h(-5).
-7
Let p(w) = 4*w + 3. Suppose -158 + 8 = -30*j. Suppose 5*h = j*x - 4*x + 12, -h - 5*x = 8. What is p(h)?
11
Let a(z) = -z - 10. Let r = -98 - -100. Let y(n) = -26*n - 18 - 11*n**r + n**3 - 17 - 5 + 30. Let g be y(13). Give a(g).
0
Suppose 1020 = 9*v + 8*v. Let l(t) = v*t + 58*t - t**2 + 12 - 110*t. What is l(9)?
3
Let f(g) = -93*g**2 - 566*g - 45. Let b be f(-6). Let n(m) = 31*m - 100. Determine n(b).
-7
Suppose 48*h - 47*h = 2. Let q(o) = -o**3 + 3*o**2 + 2*o + 1. Give q(h).
9
Let w(q) = -21 - 2*q + 31*q - q. Let x(k) = 10*k - 7. Let d(g) = -4*w(g) + 11*x(g). Let t = 20 + -14. Calculate d(t).
-5
Let f(a) = -2*a**3 - 2*a**2 + 6*a + 8. Let c(t) = -t**2 + 169*t + 866. Let n be c(-5). Calculate f(n).
80
Let d(o) = -3*o - 4*o - 2*o**2 + 3*o - 5 + o**3. Let r(h) = 5*h**2 - 115*h - 116. Let k be r(24). What is d(k)?
11
Let q(j) = -2 + 9 - 2*j + 4. Let k(z) = -z + 6. Let a(o) = -5*k(o) + 3*q(o). Suppose 40 = 175*r + 76 + 489. Determine a(r).
6
Let n(j) = j. Let c(h) = 7*h**3 - 2*h**2 + 2*h. Let w be c(1). Suppose 0 = l + 4*k + 49, 2*k - w*k + 232 = -3*l. Let o = -69 - l. Calculate n(o).
0
Let i be (184/56 + -5)*7/2. Let z(o) = 7*o + o - 10*o - 3. Determine z(i).
9
Let c(k) be the third derivative of k**4/24 - k**3/3 - 4100*k**2 + 1. Suppose 0 = z - 1 - 0. Let s be (0/2)/(-2) + z. Calculate c(s).
-1
Let i(r) = 3*r + 475 + 13*r - 769 + 419. Give i(-8).
-3
Let k(n) = 4*n - 32. Let p = 5101 - 5094. Give k(p).
-4
Let r = 589 + -580. Let o(y) = -y**2 + 2*y + 20. Give o(r).
-43
Let o be (2 - -4)*(-9 + 11). Let b(q) = 2*q**3 - 22*q**2 - 25*q + 17. Determine b(o).
5
Let w(r) be the first derivative of -7*r**4 + 2*r**3/3 - r - 956. Give w(-1).
29
Let j(i) = 7317 - 14544 - 39*i + 7267. What is j(1)?
1
Let y(x) = -2*x**2 + 12*x + 2. Suppose -28*g - 174 = -57*g. Let p be g + 9 + -1 + -8. Determine y(p).
2
Let c(j) = -8*j - 1. Let g = 466 + -469. Let f(k) be the second derivative of -7*k**3/6 - k**2/2 + 2*k. Let u(w) = g*f(w) + 2*c(w). What is u(-2)?
-9
Let u(k) = -k - 18. Suppose 5*j - 11*s = -5*s - 27, -4*j + 4*s = 20. What is u(j)?
-15
Let v(x) = 0*x**2 + 34 - 6*x**2 - 237*x - x**2 + 2*x**2 + 324*x - x**3. Determine v(-12).
-2
Let m(x) = x**3 - 5*x**2 - 2*x - 22. Let p be m(6). Let r(z) = -7*z - p*z + z - 3*z. Calculate r(1).
-11
Let q(v) = 5*v**2 - 11*v - 9. Let y(i) = 2*i**2 - 5*i - 4. Let z(r) = -4*q(r) + 9*y(r). Let x be (7/(35/190))/(2 + -1). Suppose 6*j - x = -32. What is z(j)?
-3
Suppose -9 = 20*r - 23*r. Let y(t) = 2*t - 3. Let m(u) = u - 1. Let a(q) = -4*m(q) + y(q). Let n be a(r). Let h(c) = c**3 + 4*c**2 - 2*c + 5. Calculate h(n).
-10
Suppose -2*o = -6*o + 32. Let n(l) be the third derivative of 0 + l**3 + 1/60*l**5 - 3/8*l**4 + l**2 + 42*l. 